{"id":476,"date":"2020-04-08T09:27:03","date_gmt":"2020-04-08T09:27:03","guid":{"rendered":"https:\/\/sitearte.com.br\/ead\/all-courses\/"},"modified":"2024-04-25T06:21:02","modified_gmt":"2024-04-25T09:21:02","slug":"cursos","status":"publish","type":"page","link":"https:\/\/sitearte.com.br\/ead\/cursos\/","title":{"rendered":"Cursos"},"content":{"rendered":"\t\t<div data-elementor-type=\"wp-page\" data-elementor-id=\"476\" class=\"elementor elementor-476\" data-elementor-post-type=\"page\">\n\t\t\t\t<div class=\"elementor-element elementor-element-59f5df7 e-flex e-con-boxed e-con e-parent\" data-id=\"59f5df7\" data-element_type=\"container\" data-e-type=\"container\">\n\t\t\t\t\t<div class=\"e-con-inner\">\n\t\t\t\t<div class=\"elementor-element elementor-element-95ac710 elementor-widget elementor-widget-html\" data-id=\"95ac710\" data-element_type=\"widget\" data-e-type=\"widget\" data-widget_type=\"html.default\">\n\t\t\t\t<div class=\"elementor-widget-container\">\n\t\t\t\t\t<!-- Event snippet for Page view conversion page -->\r\n<script>\r\n  gtag('event', 'conversion', {'send_to': 'AW-16541318745\/V2ycCJ7d4akZENn8wc89'});\r\n<\/script>\r\n\t\t\t\t<\/div>\n\t\t\t\t<\/div>\n\t\t\t\t\t<\/div>\n\t\t\t\t<\/div>\n\t\t<div class=\"elementor-element elementor-element-d446ace e-flex e-con-boxed e-con e-parent\" data-id=\"d446ace\" data-element_type=\"container\" data-e-type=\"container\" data-settings=\"{&quot;background_background&quot;:&quot;classic&quot;}\">\n\t\t\t\t\t<div class=\"e-con-inner\">\n\t\t<div class=\"elementor-element elementor-element-71a9d64 e-con-full e-flex e-con e-child\" data-id=\"71a9d64\" data-element_type=\"container\" data-e-type=\"container\">\n\t\t\t\t<div class=\"elementor-element elementor-element-e40d5c8 elementor-widget elementor-widget-heading\" data-id=\"e40d5c8\" data-element_type=\"widget\" data-e-type=\"widget\" data-widget_type=\"heading.default\">\n\t\t\t\t<div class=\"elementor-widget-container\">\n\t\t\t\t\t<h1 class=\"elementor-heading-title elementor-size-default\">Cursos<\/h1>\t\t\t\t<\/div>\n\t\t\t\t<\/div>\n\t\t\t\t<div class=\"elementor-element elementor-element-df164c9 elementor-widget elementor-widget-text-editor\" data-id=\"df164c9\" data-element_type=\"widget\" data-e-type=\"widget\" data-widget_type=\"text-editor.default\">\n\t\t\t\t<div class=\"elementor-widget-container\">\n\t\t\t\t\t\t\t\t\t<p>Encontrar seu pr\u00f3prio espa\u00e7o e utilizar melhores op\u00e7\u00f5es de aprendizagem pode resultar em um aprendizado mais r\u00e1pido do que as formas tradicionais. Aproveite a beleza do eLearning!<\/p>\t\t\t\t\t\t\t\t<\/div>\n\t\t\t\t<\/div>\n\t\t\t\t<\/div>\n\t\t\t\t\t<\/div>\n\t\t\t\t<\/div>\n\t\t<div class=\"elementor-element elementor-element-3b8b209 e-flex e-con-boxed e-con e-parent\" data-id=\"3b8b209\" data-element_type=\"container\" data-e-type=\"container\">\n\t\t\t\t\t<div class=\"e-con-inner\">\n\t\t<div class=\"elementor-element elementor-element-2bee5f5 e-con-full e-flex e-con e-child\" data-id=\"2bee5f5\" data-element_type=\"container\" data-e-type=\"container\">\n\t\t\t\t<div class=\"elementor-element elementor-element-386f065 elementor-widget elementor-widget-heading\" data-id=\"386f065\" data-element_type=\"widget\" data-e-type=\"widget\" data-widget_type=\"heading.default\">\n\t\t\t\t<div class=\"elementor-widget-container\">\n\t\t\t\t\t<h6 class=\"elementor-heading-title elementor-size-default\">Nossos Cursos<\/h6>\t\t\t\t<\/div>\n\t\t\t\t<\/div>\n\t\t\t\t<div class=\"elementor-element elementor-element-ba6159a elementor-widget elementor-widget-heading\" data-id=\"ba6159a\" data-element_type=\"widget\" data-e-type=\"widget\" data-widget_type=\"heading.default\">\n\t\t\t\t<div class=\"elementor-widget-container\">\n\t\t\t\t\t<h2 class=\"elementor-heading-title elementor-size-default\">Cursos Ilustrativos<\/h2>\t\t\t\t<\/div>\n\t\t\t\t<\/div>\n\t\t\t\t<div class=\"elementor-element elementor-element-f6a4a68 elementor-widget elementor-widget-heading\" data-id=\"f6a4a68\" data-element_type=\"widget\" data-e-type=\"widget\" data-widget_type=\"heading.default\">\n\t\t\t\t<div class=\"elementor-widget-container\">\n\t\t\t\t\t<h6 class=\"elementor-heading-title elementor-size-default\">Visualize seu curso<\/h6>\t\t\t\t<\/div>\n\t\t\t\t<\/div>\n\t\t\t\t<\/div>\n\t\t<div class=\"elementor-element elementor-element-1db74a6 e-con-full e-flex e-con e-child\" data-id=\"1db74a6\" data-element_type=\"container\" data-e-type=\"container\">\n\t\t\t\t<div class=\"elementor-element elementor-element-3088a87 elementor-widget elementor-widget-text-editor\" data-id=\"3088a87\" data-element_type=\"widget\" data-e-type=\"widget\" data-widget_type=\"text-editor.default\">\n\t\t\t\t<div class=\"elementor-widget-container\">\n\t\t\t\t\t\t\t\t\t<p>Desenvolva suas habilidades, aprenda algo novo e desenvolva suas habilidades em qualquer lugar do mundo!<\/p>\t\t\t\t\t\t\t\t<\/div>\n\t\t\t\t<\/div>\n\t\t\t\t<\/div>\n\t\t\t\t\t<\/div>\n\t\t\t\t<\/div>\n\t\t<div class=\"elementor-element elementor-element-79cbac2 e-flex e-con-boxed e-con e-parent\" data-id=\"79cbac2\" data-element_type=\"container\" data-e-type=\"container\" data-settings=\"{&quot;background_background&quot;:&quot;classic&quot;}\">\n\t\t\t\t\t<div class=\"e-con-inner\">\n\t\t<div class=\"elementor-element elementor-element-fdccb41 e-con-full e-flex e-con e-child\" data-id=\"fdccb41\" data-element_type=\"container\" data-e-type=\"container\">\n\t\t\t\t<div class=\"elementor-element elementor-element-5598c3a elementor-widget elementor-widget-shortcode\" data-id=\"5598c3a\" data-element_type=\"widget\" data-e-type=\"widget\" data-widget_type=\"shortcode.default\">\n\t\t\t\t<div class=\"elementor-widget-container\">\n\t\t\t\t\t\t\t<div class=\"elementor-shortcode\"><div id=\"ld-course-list-content-bfc399bdfd492a4d22df2747350afb26\" class=\"ld-course-list-content\" data-shortcode-atts=\"{&quot;col&quot;:&quot;3&quot;,&quot;categoryselector&quot;:&quot;true&quot;,&quot;progress_bar&quot;:&quot;true&quot;,&quot;order&quot;:&quot;asc&quot;}\">\n\t\t\t<div class=\"ld-course-list-items row\">\n\t<!-- LearnDash Course Grid v1 --><div class=\"ld_course_grid col-sm-8 col-md-4 \">\n\t<article id=\"post-118\" class=\" thumbnail course post-118 sfwd-courses type-sfwd-courses status-publish has-post-thumbnail hentry\">\n\t\t\t\t\t\t\t\t<div class=\"ribbon\">\n\t\t\t\tR$350,00\t\t\t<\/div>\n\t\t\t\n\t\t\t\t\t\t<a\n\t\t\t\taria-hidden=\"true\"\n\t\t\t\thref=\"https:\/\/sitearte.com.br\/ead\/courses\/ia-uma-realidade-ao-seu-alcance-avancado\/\"\n\t\t\t\ttabindex=\"-1\"\n\t\t\t>\n\t\t\t\t<img fetchpriority=\"high\" decoding=\"async\" width=\"300\" height=\"200\" src=\"https:\/\/sitearte.com.br\/ead\/wp-content\/uploads\/2024\/03\/course-img12-300x200.jpg\" class=\"attachment-medium size-medium wp-post-image\" alt=\"IA uma realidade ao seu alcance: Avan\u00e7ado\" srcset=\"https:\/\/sitearte.com.br\/ead\/wp-content\/uploads\/2024\/03\/course-img12-300x200.jpg 300w, https:\/\/sitearte.com.br\/ead\/wp-content\/uploads\/2024\/03\/course-img12-600x401.jpg 600w, https:\/\/sitearte.com.br\/ead\/wp-content\/uploads\/2024\/03\/course-img12.jpg 750w\" sizes=\"(max-width: 300px) 100vw, 300px\" \/>\t\t\t<\/a>\n\t\t\t\t\t\n\t\t\t\t\t<div class=\"caption\">\n\t\t\t\t<h3 class=\"entry-title\">IA uma realidade ao seu alcance: Avan\u00e7ado<\/h3>\n\t\t\t\t\t\t\t\t<div class=\"ld_course_grid_button\">\n\t\t\t\t\t<a\n\t\t\t\t\t\taria-label=\"Enroll Now: IA uma realidade ao seu alcance: Avan\u00e7ado\"\n\t\t\t\t\t\tclass=\"btn btn-primary\"\n\t\t\t\t\t\thref=\"https:\/\/sitearte.com.br\/ead\/courses\/ia-uma-realidade-ao-seu-alcance-avancado\/\"\n\t\t\t\t\t>\n\t\t\t\t\t\tEnroll Now\t\t\t\t\t<\/a>\n\t\t\t\t<\/div>\n\t\t\t\t\t\t\t\t\t\t\t\t\t\t\t\t\t\t\t\t\t\t\t\t\t\t\t<\/div><!-- .entry-header -->\n\t\t\t<\/article><!-- #post-## -->\n<\/div><!-- .ld_course_grid -->\n<!-- LearnDash Course Grid v1 --><div class=\"ld_course_grid col-sm-8 col-md-4 \">\n\t<article id=\"post-120\" class=\" thumbnail course post-120 sfwd-courses type-sfwd-courses status-publish has-post-thumbnail hentry\">\n\t\t\t\t\t\t\t\t<div class=\"ribbon\">\n\t\t\t\tR$450,00\t\t\t<\/div>\n\t\t\t\n\t\t\t\t\t\t<a\n\t\t\t\taria-hidden=\"true\"\n\t\t\t\thref=\"https:\/\/sitearte.com.br\/ead\/courses\/python-pratico-em-ciencia-de-dados\/\"\n\t\t\t\ttabindex=\"-1\"\n\t\t\t>\n\t\t\t\t<img decoding=\"async\" width=\"300\" height=\"200\" src=\"https:\/\/sitearte.com.br\/ead\/wp-content\/uploads\/2024\/03\/course-img15-300x200.jpg\" class=\"attachment-medium size-medium wp-post-image\" alt=\"Python pr\u00e1tico em ci\u00eancia de dados\" srcset=\"https:\/\/sitearte.com.br\/ead\/wp-content\/uploads\/2024\/03\/course-img15-300x200.jpg 300w, https:\/\/sitearte.com.br\/ead\/wp-content\/uploads\/2024\/03\/course-img15-600x400.jpg 600w, https:\/\/sitearte.com.br\/ead\/wp-content\/uploads\/2024\/03\/course-img15.jpg 750w\" sizes=\"(max-width: 300px) 100vw, 300px\" \/>\t\t\t<\/a>\n\t\t\t\t\t\n\t\t\t\t\t<div class=\"caption\">\n\t\t\t\t<h3 class=\"entry-title\">Python pr\u00e1tico em ci\u00eancia de dados<\/h3>\n\t\t\t\t\t\t\t\t<div class=\"ld_course_grid_button\">\n\t\t\t\t\t<a\n\t\t\t\t\t\taria-label=\"Enroll Now: Python pr\u00e1tico em ci\u00eancia de dados\"\n\t\t\t\t\t\tclass=\"btn btn-primary\"\n\t\t\t\t\t\thref=\"https:\/\/sitearte.com.br\/ead\/courses\/python-pratico-em-ciencia-de-dados\/\"\n\t\t\t\t\t>\n\t\t\t\t\t\tEnroll Now\t\t\t\t\t<\/a>\n\t\t\t\t<\/div>\n\t\t\t\t\t\t\t\t\t\t\t\t\t\t\t\t\t\t\t\t\t\t\t\t\t\t\t<\/div><!-- .entry-header -->\n\t\t\t<\/article><!-- #post-## -->\n<\/div><!-- .ld_course_grid -->\n<!-- LearnDash Course Grid v1 --><div class=\"ld_course_grid col-sm-8 col-md-4 \">\n\t<article id=\"post-122\" class=\" thumbnail course post-122 sfwd-courses type-sfwd-courses status-publish has-post-thumbnail hentry\">\n\t\t\t\t\t\t\t\t<div class=\"ribbon\">\n\t\t\t\tR$430,00\t\t\t<\/div>\n\t\t\t\n\t\t\t\t\t\t<a\n\t\t\t\taria-hidden=\"true\"\n\t\t\t\thref=\"https:\/\/sitearte.com.br\/ead\/courses\/node-js-for-beginners-go-from-zero-to-hero-with-node-js-ecademy\/\"\n\t\t\t\ttabindex=\"-1\"\n\t\t\t>\n\t\t\t\t<img decoding=\"async\" width=\"300\" height=\"200\" src=\"https:\/\/sitearte.com.br\/ead\/wp-content\/uploads\/2024\/03\/course-image1-300x200.jpg\" class=\"attachment-medium size-medium wp-post-image\" alt=\"Node.js Aplica\u00e7\u00f5es: do zero ao avan\u00e7ado\" srcset=\"https:\/\/sitearte.com.br\/ead\/wp-content\/uploads\/2024\/03\/course-image1-300x200.jpg 300w, https:\/\/sitearte.com.br\/ead\/wp-content\/uploads\/2024\/03\/course-image1-600x400.jpg 600w, https:\/\/sitearte.com.br\/ead\/wp-content\/uploads\/2024\/03\/course-image1.jpg 750w\" sizes=\"(max-width: 300px) 100vw, 300px\" \/>\t\t\t<\/a>\n\t\t\t\t\t\n\t\t\t\t\t<div class=\"caption\">\n\t\t\t\t<h3 class=\"entry-title\">Node.js Aplica\u00e7\u00f5es: do zero ao avan\u00e7ado<\/h3>\n\t\t\t\t\t\t\t\t<div class=\"ld_course_grid_button\">\n\t\t\t\t\t<a\n\t\t\t\t\t\taria-label=\"Enroll Now: Node.js Aplica\u00e7\u00f5es: do zero ao avan\u00e7ado\"\n\t\t\t\t\t\tclass=\"btn btn-primary\"\n\t\t\t\t\t\thref=\"https:\/\/sitearte.com.br\/ead\/courses\/node-js-for-beginners-go-from-zero-to-hero-with-node-js-ecademy\/\"\n\t\t\t\t\t>\n\t\t\t\t\t\tEnroll Now\t\t\t\t\t<\/a>\n\t\t\t\t<\/div>\n\t\t\t\t\t\t\t\t\t\t\t\t\t\t\t\t\t\t\t\t\t\t\t\t\t\t\t<\/div><!-- .entry-header -->\n\t\t\t<\/article><!-- #post-## -->\n<\/div><!-- .ld_course_grid -->\n<!-- LearnDash Course Grid v1 --><div class=\"ld_course_grid col-sm-8 col-md-4 \">\n\t<article id=\"post-124\" class=\" thumbnail course post-124 sfwd-courses type-sfwd-courses status-publish has-post-thumbnail hentry\">\n\t\t\t\t\t\t\t\t<div class=\"ribbon\">\n\t\t\t\tGr\u00e1tis\t\t\t<\/div>\n\t\t\t\n\t\t\t\t\t\t<a\n\t\t\t\taria-hidden=\"true\"\n\t\t\t\thref=\"https:\/\/sitearte.com.br\/ead\/courses\/diet-and-nutrition-coach-certification\/\"\n\t\t\t\ttabindex=\"-1\"\n\t\t\t>\n\t\t\t\t<img loading=\"lazy\" decoding=\"async\" width=\"300\" height=\"200\" src=\"https:\/\/sitearte.com.br\/ead\/wp-content\/uploads\/2024\/03\/health-img1-300x200.jpg\" class=\"attachment-medium size-medium wp-post-image\" alt=\"Certifica\u00e7\u00e3o Coach Dieta e Nutri\u00e7\u00e3o\" srcset=\"https:\/\/sitearte.com.br\/ead\/wp-content\/uploads\/2024\/03\/health-img1-300x200.jpg 300w, https:\/\/sitearte.com.br\/ead\/wp-content\/uploads\/2024\/03\/health-img1-600x400.jpg 600w, https:\/\/sitearte.com.br\/ead\/wp-content\/uploads\/2024\/03\/health-img1.jpg 750w\" sizes=\"(max-width: 300px) 100vw, 300px\" \/>\t\t\t<\/a>\n\t\t\t\t\t\n\t\t\t\t\t<div class=\"caption\">\n\t\t\t\t<h3 class=\"entry-title\">Certifica\u00e7\u00e3o Coach Dieta e Nutri\u00e7\u00e3o<\/h3>\n\t\t\t\t\t\t\t\t<div class=\"ld_course_grid_button\">\n\t\t\t\t\t<a\n\t\t\t\t\t\taria-label=\"Enroll Now: Certifica\u00e7\u00e3o Coach Dieta e Nutri\u00e7\u00e3o\"\n\t\t\t\t\t\tclass=\"btn btn-primary\"\n\t\t\t\t\t\thref=\"https:\/\/sitearte.com.br\/ead\/courses\/diet-and-nutrition-coach-certification\/\"\n\t\t\t\t\t>\n\t\t\t\t\t\tEnroll Now\t\t\t\t\t<\/a>\n\t\t\t\t<\/div>\n\t\t\t\t\t\t\t\t\t\t\t\t\t\t\t\t\t\t\t\t\t\t\t\t\t\t\t<\/div><!-- .entry-header -->\n\t\t\t<\/article><!-- #post-## -->\n<\/div><!-- .ld_course_grid -->\n<!-- LearnDash Course Grid v1 --><div class=\"ld_course_grid col-sm-8 col-md-4 \">\n\t<article id=\"post-126\" class=\" thumbnail course post-126 sfwd-courses type-sfwd-courses status-publish has-post-thumbnail hentry\">\n\t\t\t\t\t\t\t\t<div class=\"ribbon\">\n\t\t\t\tR$380,00\t\t\t<\/div>\n\t\t\t\n\t\t\t\t\t\t<a\n\t\t\t\taria-hidden=\"true\"\n\t\t\t\thref=\"https:\/\/sitearte.com.br\/ead\/courses\/certificacao-instrutor-de-fitness-avancado\/\"\n\t\t\t\ttabindex=\"-1\"\n\t\t\t>\n\t\t\t\t<img loading=\"lazy\" decoding=\"async\" width=\"300\" height=\"200\" src=\"https:\/\/sitearte.com.br\/ead\/wp-content\/uploads\/2024\/03\/courses-img1-300x200.jpg\" class=\"attachment-medium size-medium wp-post-image\" alt=\"Certifica\u00e7\u00e3o instrutor de fitness: Avan\u00e7ado\" srcset=\"https:\/\/sitearte.com.br\/ead\/wp-content\/uploads\/2024\/03\/courses-img1-300x200.jpg 300w, https:\/\/sitearte.com.br\/ead\/wp-content\/uploads\/2024\/03\/courses-img1-600x400.jpg 600w, https:\/\/sitearte.com.br\/ead\/wp-content\/uploads\/2024\/03\/courses-img1.jpg 750w\" sizes=\"(max-width: 300px) 100vw, 300px\" \/>\t\t\t<\/a>\n\t\t\t\t\t\n\t\t\t\t\t<div class=\"caption\">\n\t\t\t\t<h3 class=\"entry-title\">Certifica\u00e7\u00e3o instrutor de fitness: Avan\u00e7ado<\/h3>\n\t\t\t\t\t\t\t\t<div class=\"ld_course_grid_button\">\n\t\t\t\t\t<a\n\t\t\t\t\t\taria-label=\"Enroll Now: Certifica\u00e7\u00e3o instrutor de fitness: Avan\u00e7ado\"\n\t\t\t\t\t\tclass=\"btn btn-primary\"\n\t\t\t\t\t\thref=\"https:\/\/sitearte.com.br\/ead\/courses\/certificacao-instrutor-de-fitness-avancado\/\"\n\t\t\t\t\t>\n\t\t\t\t\t\tEnroll Now\t\t\t\t\t<\/a>\n\t\t\t\t<\/div>\n\t\t\t\t\t\t\t\t\t\t\t\t\t\t\t\t\t\t\t\t\t\t\t\t\t\t\t<\/div><!-- .entry-header -->\n\t\t\t<\/article><!-- #post-## -->\n<\/div><!-- .ld_course_grid -->\n<!-- LearnDash Course Grid v1 --><div class=\"ld_course_grid col-sm-8 col-md-4 \">\n\t<article id=\"post-369\" class=\" thumbnail course post-369 sfwd-courses type-sfwd-courses status-publish has-post-thumbnail hentry\">\n\t\t\t\t\t\t\t\t<div class=\"ribbon\">\n\t\t\t\tGr\u00e1tis\t\t\t<\/div>\n\t\t\t\n\t\t\t\t\t\t<a\n\t\t\t\taria-hidden=\"true\"\n\t\t\t\thref=\"https:\/\/sitearte.com.br\/ead\/courses\/e-commerce-course\/\"\n\t\t\t\ttabindex=\"-1\"\n\t\t\t>\n\t\t\t\t<img loading=\"lazy\" decoding=\"async\" width=\"300\" height=\"197\" src=\"https:\/\/sitearte.com.br\/ead\/wp-content\/uploads\/2021\/03\/instructor-02-free-img-300x197.jpg\" class=\"attachment-medium size-medium wp-post-image\" alt=\"Curso Ecommerce &#8211; Como estar online?\" srcset=\"https:\/\/sitearte.com.br\/ead\/wp-content\/uploads\/2021\/03\/instructor-02-free-img-300x197.jpg 300w, https:\/\/sitearte.com.br\/ead\/wp-content\/uploads\/2021\/03\/instructor-02-free-img.jpg 365w\" sizes=\"(max-width: 300px) 100vw, 300px\" \/>\t\t\t<\/a>\n\t\t\t\t\t\n\t\t\t\t\t<div class=\"caption\">\n\t\t\t\t<h3 class=\"entry-title\">Curso Ecommerce &#8211; Como estar online?<\/h3>\n\t\t\t\t\t\t\t\t<div class=\"entry-content\"><p>Conhe\u00e7a as t\u00e9cnicas utilizadas<\/p>\n<\/div>\n\t\t\t\t\t\t\t\t<div class=\"ld_course_grid_button\">\n\t\t\t\t\t<a\n\t\t\t\t\t\taria-label=\"Enroll Now: Curso Ecommerce &#8211; Como estar online?\"\n\t\t\t\t\t\tclass=\"btn btn-primary\"\n\t\t\t\t\t\thref=\"https:\/\/sitearte.com.br\/ead\/courses\/e-commerce-course\/\"\n\t\t\t\t\t>\n\t\t\t\t\t\tEnroll Now\t\t\t\t\t<\/a>\n\t\t\t\t<\/div>\n\t\t\t\t\t\t\t\t\t\t\t\t\t\t\t\t\t\t\t\t\t\t\t\t\t\t\t<\/div><!-- .entry-header -->\n\t\t\t<\/article><!-- #post-## -->\n<\/div><!-- .ld_course_grid -->\n\t<\/div>\n\t\t\t<\/div>\n\t\t<\/div>\n\t\t\t\t\t\t<\/div>\n\t\t\t\t<\/div>\n\t\t\t\t<\/div>\n\t\t\t\t\t<\/div>\n\t\t\t\t<\/div>\n\t\t\t\t<\/div>\n\t\t","protected":false},"excerpt":{"rendered":"<p>Cursos Encontrar seu pr\u00f3prio espa\u00e7o e utilizar melhores op\u00e7\u00f5es de aprendizagem pode resultar em um aprendizado mais r\u00e1pido do que as formas tradicionais. Aproveite a beleza do eLearning! Nossos Cursos Cursos Ilustrativos Visualize seu curso Desenvolva suas habilidades, aprenda algo novo e desenvolva suas habilidades em qualquer lugar do mundo!<\/p>\n","protected":false},"author":1,"featured_media":0,"parent":0,"menu_order":0,"comment_status":"closed","ping_status":"closed","template":"","meta":{"site-sidebar-layout":"no-sidebar","site-content-layout":"page-builder","ast-site-content-layout":"default","site-content-style":"default","site-sidebar-style":"default","ast-global-header-display":"","ast-banner-title-visibility":"","ast-main-header-display":"","ast-hfb-above-header-display":"","ast-hfb-below-header-display":"","ast-hfb-mobile-header-display":"","site-post-title":"disabled","ast-breadcrumbs-content":"disabled","ast-featured-img":"disabled","footer-sml-layout":"","theme-transparent-header-meta":"enabled","adv-header-id-meta":"","stick-header-meta":"","header-above-stick-meta":"","header-main-stick-meta":"","header-below-stick-meta":"","astra-migrate-meta-layouts":"default","ast-page-background-enabled":"default","ast-page-background-meta":{"desktop":{"background-color":"","background-image":"","background-repeat":"repeat","background-position":"center center","background-size":"auto","background-attachment":"scroll","background-type":"","background-media":"","overlay-type":"","overlay-color":"","overlay-opacity":"","overlay-gradient":""},"tablet":{"background-color":"","background-image":"","background-repeat":"repeat","background-position":"center center","background-size":"auto","background-attachment":"scroll","background-type":"","background-media":"","overlay-type":"","overlay-color":"","overlay-opacity":"","overlay-gradient":""},"mobile":{"background-color":"","background-image":"","background-repeat":"repeat","background-position":"center center","background-size":"auto","background-attachment":"scroll","background-type":"","background-media":"","overlay-type":"","overlay-color":"","overlay-opacity":"","overlay-gradient":""}},"ast-content-background-meta":{"desktop":{"background-color":"var(--ast-global-color-4)","background-image":"","background-repeat":"repeat","background-position":"center center","background-size":"auto","background-attachment":"scroll","background-type":"","background-media":"","overlay-type":"","overlay-color":"","overlay-opacity":"","overlay-gradient":""},"tablet":{"background-color":"var(--ast-global-color-4)","background-image":"","background-repeat":"repeat","background-position":"center center","background-size":"auto","background-attachment":"scroll","background-type":"","background-media":"","overlay-type":"","overlay-color":"","overlay-opacity":"","overlay-gradient":""},"mobile":{"background-color":"var(--ast-global-color-4)","background-image":"","background-repeat":"repeat","background-position":"center center","background-size":"auto","background-attachment":"scroll","background-type":"","background-media":"","overlay-type":"","overlay-color":"","overlay-opacity":"","overlay-gradient":""}},"footnotes":""},"class_list":["post-476","page","type-page","status-publish","hentry"],"_links":{"self":[{"href":"https:\/\/sitearte.com.br\/ead\/wp-json\/wp\/v2\/pages\/476","targetHints":{"allow":["GET"]}}],"collection":[{"href":"https:\/\/sitearte.com.br\/ead\/wp-json\/wp\/v2\/pages"}],"about":[{"href":"https:\/\/sitearte.com.br\/ead\/wp-json\/wp\/v2\/types\/page"}],"author":[{"embeddable":true,"href":"https:\/\/sitearte.com.br\/ead\/wp-json\/wp\/v2\/users\/1"}],"replies":[{"embeddable":true,"href":"https:\/\/sitearte.com.br\/ead\/wp-json\/wp\/v2\/comments?post=476"}],"version-history":[{"count":0,"href":"https:\/\/sitearte.com.br\/ead\/wp-json\/wp\/v2\/pages\/476\/revisions"}],"wp:attachment":[{"href":"https:\/\/sitearte.com.br\/ead\/wp-json\/wp\/v2\/media?parent=476"}],"curies":[{"name":"wp","href":"https:\/\/api.w.org\/{rel}","templated":true}]}}